when 74 is divided by v?
24
Let p(n) = -17*n**2 - 19*n - 10. Let c(j) = 8*j**2 + 9*j + 5. Let l(z) = 13*c(z) + 6*p(z). Let f = 18 - -6. Calculate the remainder when l(5) is divided by f.
22
Let c = 9 - 19. Let q = -22 - c. Let f = 25 + q. Calculate the remainder when 37 is divided by f.
11
Suppose 3*y - 15 + 45 = 3*d, -y + 38 = 3*d. What is the remainder when 33 is divided by d?
9
Let n = 79 - 34. Suppose 2*b - 3*l = 22, -3*b - 5 = -0*b + 5*l. Suppose 13 = a - 0*a + 3*o, n = 5*a + b*o. What is the remainder when 13 is divided by a?
6
Let p(q) = -q**2 + 6*q - 5. Let h be p(7). Let k be (-58)/3*h/(-8). Let z = k + 40. What is the remainder when 41 is divided by z?
8
Let c = 67 - 42. Suppose r = -2*v - 3, -5*r + 0*r - 1 = -4*v. What is the remainder when (47*-1)/v + 1 is divided by c?
23
Suppose -2*v = 4 - 80. Calculate the remainder when v is divided by 13.
12
Let z = 16 + -2. What is the remainder when 40 is divided by z?
12
What is the remainder when 53 is divided by 1536/56 + ((-11)/(-7) - 1)?
25
Let s(x) = 4*x**2 - 2*x + 1. Let d(l) = 9*l**2 - 4*l + 2. Let t(k) = 6*d(k) - 13*s(k). What is the remainder when (-17)/(-2) - 1/2 is divided by t(-2)?
2
Suppose -2*j = 2*i - 16, 2*j + 9*i - 16 = 4*i. What is the remainder when 21 is divided by j?
5
Suppose -21 = -b + 3*r, 0*b = 4*b + 2*r - 14. Let l = b - -11. Calculate the remainder when l is divided by 6.
5
Suppose -3*k - 4*k = -1519. Calculate the remainder when k is divided by 55.
52
Suppose -5*x + 18 = -2. Calculate the remainder when 4 is divided by x.
0
Suppose -3*n + 192 = 3*s, 79 + 213 = 4*s - 5*n. What is the remainder when s is divided by 23?
22
Let n = -11 - -118. What is the remainder when n is divided by 14?
9
Suppose -r - 18 = -4*r. Suppose 0*y = 4*a - 3*y - 3, -a = -2*y + 3. What is the remainder when (-18)/(2 + (a - r)) is divided by 7?
4
Suppose -a - a + 4*o = -18, -4*a + o = -57. What is the remainder when 226/4 + (-4)/(-8) is divided by a?
12
Suppose -5*q - 1 = 3*h - 32, -2*h + 3*q + 46 = 0. What is the remainder when h is divided by 10?
7
Suppose 0 = -b - 3*b + 64. Let r = 19 + -15. Suppose 0 = 2*g - 2*m + 40 - 104, r*m + 157 = 5*g. What is the remainder when g is divided by b?
13
Let k(x) = 21*x - 1. Let g(t) = -t - 6 + 7 + 11. What is the remainder when k(1) is divided by g(5)?
6
Let y = -11 - -19. Let u = -24 - -38. Calculate the remainder when u is divided by y.
6
Suppose 0*z = -4*z + 272. Let v = 108 - z. Suppose -2*i = -6*i + v. What is the remainder when 37 is divided by i?
7
Let s(m) = -m**2 - m + 1. Let g(u) = -u**2. Let y(a) = -g(a) - s(a). Let j be y(-3). What is the remainder when 5 is divided by 2/7 - (-38)/j?
2
Suppose 0 = 5*f + 29 - 99. Let s = -3 + f. Let r(l) = l - 3. Calculate the remainder when s is divided by r(7).
3
What is the remainder when 14 is divided by 5*2*(-4)/(-8)?
4
Let z be 1*2/(-2)*-4. Suppose -225 = -o - z*o. What is the remainder when o is divided by 24?
21
Let s(c) = -c**3 - 7*c**2 + 4*c - 2. Let k be s(-8). Suppose -2*r + 5*r = k. Calculate the remainder when 29 is divided by r.
9
Let o(p) be the first derivative of p**3/3 + p**2/2 - 3*p - 6. Calculate the remainder when 53 is divided by o(5).
26
Suppose b + 3*z - 69 = z, -b + z + 63 = 0. What is the remainder when b is divided by 34?
31
Let q = -39 + 20. Let w = 42 + q. What is the remainder when 43 is divided by w?
20
Let c(g) = 4*g**2 - 4*g - 5. Let h(z) = 5*z**2 - 5*z - 6. Let i(x) = 4*c(x) - 3*h(x). Let v = 42 - 28. What is the remainder when i(-6) is divided by v?
12
Suppose -3*v - 2*j = -147, -v + 5*j - 62 = -2*v. Let t = -21 - 10. Let m = t + v. Calculate the remainder when m is divided by 9.
7
Suppose -5*r + 6*z = 2*z - 321, 4*r + z = 240. Calculate the remainder when r is divided by 17.
10
Suppose 6*v - 8 = 2*v. Suppose v*i = 5 + 83. Suppose -5*g + 82 - 32 = -5*d, -35 = -3*g + 2*d. What is the remainder when i is divided by g?
14
Suppose -12 = -5*g - 3*o, 4*o - 1 + 20 = 5*g. Suppose -4*f + 0 = 5*p - 15, 0 = f. Suppose -21 + 6 = -p*z. Calculate the remainder when z is divided by g.
2
Suppose a + 343 = 4*o, -4*o - 2*a + 6*a = -328. Let d = o + -44. What is the remainder when d is divided by 16?
11
Let g(j) = -j + 3. Let i = 1 - 6. Calculate the remainder when g(i) is divided by 4.
0
Let w = -1 - -4. Suppose -w*c + 8 = -13. Calculate the remainder when 4*1 + 42/2 is divided by c.
4
Let l = -5 - -7. Suppose 2*p - j - 4 = 0, -p + l = -0*p + 5*j. Calculate the remainder when p is divided by 1.
0
Let j(y) = -y**2 - 6*y - 5. Let d be j(-5). Let g = d - -10. What is the remainder when g is divided by 6?
4
Let p = -5 + 9. Let c be (17 - -3)*(-16)/(-5). Suppose p*m = -0*m + c. Calculate the remainder when 31 is divided by m.
15
Suppose 4*n - 7 = b, -n - 6*b = -3*b - 5. Suppose -5*z + 14 = 3*a, -2*a + 1 = -z - 4. Calculate the remainder when n is divided by z.
0
Suppose 39 = 2*f - 29. Let t = 48 - f. Suppose l = 3*b - 14, 4*b - 25 + 0 = -5*l. Calculate the remainder when t is divided by b.
4
Let b(j) = j**2 + 15*j + 8. Calculate the remainder when b(-16) is divided by 2.
0
Let d = 10 + -6. Suppose i = d, 5*c + 5*i = -0*i + 30. Suppose f + 32 = 36. Calculate the remainder when f is divided by c.
0
Suppose -3*c = 2*c - 215. Calculate the remainder when c is divided by 22.
21
Let v(p) = -122*p. What is the remainder when v(-1) is divided by 31?
29
Let w = -8 - -18. Calculate the remainder when 29 is divided by w.
9
Suppose 0 = -3*k + 2*g + 59, 2*k + g + 0*g - 44 = 0. What is the remainder when k is divided by 12?
9
Let s(n) = 2*n + 9. Calculate the remainder when 99 is divided by s(8).
24
Let f = -33 + 49. Let j = 1 + f. Calculate the remainder when j is divided by 7.
3
Let p(t) = t**3 - 3*t**2 - 3*t + 5. Let j be p(4). Let m(g) = g. What is the remainder when 26 is divided by m(j)?
8
Suppose s - 5*s + 164 = 0. Calculate the remainder when s is divided by 22.
19
Let o = 136 + -54. What is the remainder when o is divided by 14?
12
Let k = -48 + 99. Calculate the remainder when 98 is divided by k.
47
Suppose 26 = 9*q - 91. What is the remainder when q is divided by 5?
3
Let g(o) = o**2 + 5*o + 9. What is the remainder when 34 is divided by g(-5)?
7
Let a(b) = -b**2 - 8*b + 2. Let o be a(-8). Suppose -o*h = 3*h. What is the remainder when 1/1 + 0 - h is divided by 1?
0
Let h = 10 + -6. Suppose m + 3 - 12 = 0. Calculate the remainder when m is divided by h.
1
Let w(n) = 2*n**3 - 2*n**2 - 3*n + 4. Calculate the remainder when 15 is divided by w(2).
3
Let a = -117 - -62. Let i = a + 81. Calculate the remainder when i is divided by 9.
8
Calculate the remainder when (-302)/(-4) - 5/(-10) is divided by 39.
37
Let o = -22 - -34. What is the remainder when 18*(-3 + (-44)/(-8)) is divided by o?
9
Let l(m) = -m**2 - 8*m - 3. Let u be l(-7). Suppose -u*j = -3*j - 11. What is the remainder when 31 is divided by j?
9
Let j = -3 + 8. Suppose t = 1 + j. What is the remainder when 22 is divided by t?
4
Let q = -4 - -20. Suppose -5*v - 2 = -3*i, -3*i + 7 = -2*v - 1. Suppose v*c - 17 = 1. What is the remainder when q is divided by c?
7
Let x = -44 + 72. Calculate the remainder when 81 is divided by x.
25
Suppose 10*b - 12*b = -22. What is the remainder when 30 is divided by b?
8
Suppose d - 120 = 4*r, -5*r - d = -3*d + 153. Let o = 122 + r. Calculate the remainder when o is divided by 24.
21
Suppose -5*n - 6 = 4. Let a = n - -6. What is the remainder when 10 is divided by a?
2
Let r be (-36)/(-3)*2/6. Let l be -2*(2 + -3) + 93. Suppose -g + l = r*g. Calculate the remainder when 56 is divided by g.
18
Suppose 4*d = -5*f + 20, 2*d - 13 = -3*f - 3. Suppose 0 = 5*o - 0*o + 50. Let n = o + 23. What is the remainder when n is divided by d?
3
Let k be -6*((-4)/2 + 0). Let q = k + -7. What is the remainder when q is divided by 2?
1
Let r = -9 + 88. Suppose -9 - r = -2*h. What is the remainder when (-2 - -5)*h/6 is divided by 12?
10
Let t = 14 - -40. Suppose 70 = 5*m + 2*j, m + j - 56 = -3*m. Calculate the remainder when t is divided by m.
12
Let r(x) = x + 5. Let l be r(-8). Calculate the remainder when -2 - 1*120/l is divided by 13.
12
Let w(p) = -13*p. Let x be w(2). Suppose -4*g + 5*r = 148, 5*g + 2 = -5*r - 183. Let u = x - g. What is the remainder when 21 is divided by u?
10
Let z(k) = -3*k**2 + 21*k - 21. Let b(y) 